at are the prime factors of 180570954?
2, 3, 311, 96769
List the prime factors of 62350149.
3, 20783383
What are the prime factors of 108760994?
2, 54380497
List the prime factors of 144611962.
2, 11, 17, 31, 12473
What are the prime factors of 272541596?
2, 41, 1661839
List the prime factors of 50333518.
2, 25166759
List the prime factors of 88741459.
88741459
List the prime factors of 100230413.
1979, 50647
List the prime factors of 1759050874.
2, 7, 211, 595481
List the prime factors of 373396251.
3, 433, 287449
List the prime factors of 2789088572.
2, 29, 24043867
What are the prime factors of 328404231?
3, 36489359
What are the prime factors of 1148060932?
2, 17, 29, 582181
What are the prime factors of 222434027?
222434027
What are the prime factors of 3416531589?
3, 43, 2942749
List the prime factors of 2890078755.
3, 5, 89, 2164853
List the prime factors of 42717369.
3, 14239123
List the prime factors of 144868999.
11, 877, 15017
List the prime factors of 1942618137.
3, 79, 8196701
List the prime factors of 204606099.
3, 22734011
What are the prime factors of 533564294?
2, 266782147
What are the prime factors of 2025832418?
2, 89, 11381081
List the prime factors of 61376021.
7, 71, 123493
List the prime factors of 109463944.
2, 1201, 11393
What are the prime factors of 714934791?
3, 79437199
List the prime factors of 36369035.
5, 17, 313, 1367
List the prime factors of 54614928.
2, 3, 1137811
What are the prime factors of 36061584?
2, 3, 13, 57791
List the prime factors of 243351965.
5, 4397, 11069
What are the prime factors of 1588663972?
2, 7, 59, 961661
List the prime factors of 1571630604.
2, 3, 130969217
List the prime factors of 66342980.
2, 5, 11, 43, 7013
What are the prime factors of 32335168?
2, 505237
List the prime factors of 43464144.
2, 3, 227, 3989
List the prime factors of 412279770.
2, 3, 5, 7, 47, 41771
List the prime factors of 2479354078.
2, 1239677039
What are the prime factors of 52858434?
2, 3, 8809739
What are the prime factors of 5514460227?
3, 47, 2141, 6089
List the prime factors of 244514353.
2053, 119101
List the prime factors of 32394602.
2, 71, 228131
What are the prime factors of 37450617?
3, 12483539
What are the prime factors of 1990134133?
13, 23, 37, 59, 3049
What are the prime factors of 3567724991?
157, 22724363
What are the prime factors of 119697763?
4621, 25903
List the prime factors of 870666024.
2, 3, 179, 389, 521
What are the prime factors of 906323061?
3, 7, 6165463
List the prime factors of 1417045097.
13, 109003469
What are the prime factors of 53944308?
2, 3, 11, 136223
List the prime factors of 3388052079.
3, 167, 337, 6689
What are the prime factors of 2184922935?
3, 5, 13, 31, 211, 571
What are the prime factors of 173234856?
2, 3, 19, 47, 59, 137
List the prime factors of 1188012506.
2, 19, 103, 303529
What are the prime factors of 75376667?
19, 3967193
List the prime factors of 1096026526.
2, 7, 73, 1072433
What are the prime factors of 505603190?
2, 5, 149, 339331
What are the prime factors of 142479247?
142479247
What are the prime factors of 183652813?
6043, 30391
What are the prime factors of 569197211?
11, 51745201
What are the prime factors of 458119829?
31, 37, 307, 1301
What are the prime factors of 2037367408?
2, 37, 41, 83939
What are the prime factors of 352762162?
2, 176381081
What are the prime factors of 87246951?
3, 11, 1151, 2297
List the prime factors of 35294564.
2, 239, 36919
List the prime factors of 4277737825.
5, 43, 127, 31333
List the prime factors of 59914848.
2, 3, 7, 47, 271
What are the prime factors of 319985920?
2, 5, 249989
What are the prime factors of 59410283?
19, 3126857
List the prime factors of 11348900.
2, 5, 113489
What are the prime factors of 126723881?
29, 43, 151, 673
List the prime factors of 2621514394.
2, 47, 733, 38047
List the prime factors of 685957857.
3, 13, 787, 22349
What are the prime factors of 37903973?
37903973
List the prime factors of 448022540.
2, 5, 7, 31, 103231
What are the prime factors of 43761087?
3, 29, 55889
What are the prime factors of 784706450?
2, 5, 11, 163, 8753
What are the prime factors of 6299671506?
2, 3, 1613, 650927
List the prime factors of 50440836.
2, 3, 17, 247259
List the prime factors of 158874814.
2, 7, 31, 53, 6907
What are the prime factors of 125705143?
23, 1913, 2857
What are the prime factors of 65769103?
65769103
List the prime factors of 12363063.
3, 17, 242413
What are the prime factors of 36472502?
2, 11, 59, 28099
What are the prime factors of 109101984?
2, 3, 41, 53, 523
List the prime factors of 3779933210.
2, 5, 377993321
What are the prime factors of 373899385?
5, 19, 23, 211, 811
List the prime factors of 65193539.
65193539
List the prime factors of 1524068280.
2, 3, 5, 7, 19, 139, 229
List the prime factors of 959883341.
37, 1933, 13421
What are the prime factors of 902749765?
5, 257, 702529
What are the prime factors of 1097686105?
5, 29, 991, 7639
List the prime factors of 1777550542.
2, 89, 9986239
List the prime factors of 258101789.
11, 233, 100703
List the prime factors of 112664891.
197, 571903
What are the prime factors of 961324973?
7, 29, 31, 139, 157
List the prime factors of 676639674.
2, 3, 37591093
List the prime factors of 38259310.
2, 5, 3825931
List the prime factors of 34714496.
2, 79, 3433
List the prime factors of 266433971.
167, 907, 1759
What are the prime factors of 2076574837?
17, 122151461
List the prime factors of 501962266.
2, 13, 701, 27541
List the prime factors of 274872458.
2, 7, 67, 41863
What are the prime factors of 4007040200?
2, 5, 29, 690869
List the prime factors of 87533031.
3, 29177677
List the prime factors of 74703968.
2, 41, 97, 587
List the prime factors of 48707210.
2, 5, 17, 286513
List the prime factors of 1575092048.
2, 1847, 53299
List the prime factors of 3202446749.
419, 977, 7823
What are the prime factors of 176785367?
11, 19, 845863
List the prime factors of 75899571.
3, 11, 809, 2843
List the prime factors of 3635370767.
7, 519338681
What are the prime factors of 2154602494?
2, 11, 71, 1379387
List the prime factors of 54614228.
2, 137, 99661
List the prime factors of 2991671403.
3, 7, 937, 152039
List the prime factors of 39091551.
3, 17, 766501
What are the prime factors of 411807975?
3, 5, 29, 189337
List the prime factors of 4696362243.
3, 521818027
List the prime factors of 49629328.
2, 7, 347, 1277
What are the prime factors of 35425826?
2, 17712913
List the prime factors of 10059234.
2, 3, 23, 72893
List the prime factors of 72975290.
2, 5, 199, 36671
List the prime factors of 115965533.
173, 670321
List the prime factors of 572788438.
2, 157, 1824167
What are the prime factors of 374219390?
2, 5, 283, 132233
What are the prime factors of 3103684634?
2, 1551842317
What are the prime factors of 250365278?
2, 125182639
List the prime factors of 606007410.
2, 3, 5, 281, 71887
List the prime factors of 520178605.
5, 31, 3355991
What are the prime factors of 106330285?
5, 211, 100787
List the prime factors of 44066747.
29, 1033, 1471
What are the prime factors of 88314021?
3, 79, 223, 557
What are the prime factors of 136033461?
3, 29, 521201
List the prime factors of 39809627.
11, 13, 167, 1667
What are the prime factors of 490828776?
2, 3, 20451199
What are the prime factors of 703832995?
5, 1009, 139511
What are the prime factors of 296235612?
2, 3, 19, 433093
What are the prime factors of 3642913428?
2, 3, 7, 11, 311, 1811
List the prime factors of 3257468525.
5, 2731, 47711
What are the prime factors of 10638997?
67, 158791
What are the prime factors of 2901381869?
67, 43304207
What are the prime factors of 57293083?
57293083
What are the prime factors of 100227348?
2, 3, 13, 71387
List the prime factors of 1933992490.
2, 5, 23, 8408663
List the prime factors of 8849129.
17, 211, 2467
What are the prime factors of 464606740?
2, 5, 13, 1786949
What are the prime factors of 119518573?
281, 425333
What are the prime factors of 122982615?
3, 5, 7, 390421
What are the prime factors of 5262709?
1373, 3833
What are the prime factors of 387460863?
3, 19, 593, 3821
What are the prime factors of 2889551957?
41, 83, 849119
List the prime factors of 1749718152.
2, 3, 7, 13, 89017
List the prime factors of 60520199.
23, 127, 207